est common factor of d and t?
7
Let j be (-3)/3 - (0 + -3). Suppose -j*u = -7*u - 4*a + 104, 4*u = -3*a + 84. Calculate the highest common factor of u and 3.
3
Let t = -3 + 8. Suppose -t*n - 2*i = -0*i, -23 = n + 5*i. Let a = n + 0. Calculate the greatest common divisor of 2 and a.
2
Suppose -6*s + 4 = -2*s, -5*s + 77 = 4*a. Calculate the greatest common factor of 45 and a.
9
Suppose 0 = t - 2*c + 5, -4*t - 2*c + 11 = -3*t. Suppose t*g - 6 = -0*g. Suppose -s + g*s = 3. What is the highest common divisor of 9 and s?
3
Suppose 13 = k - 11. Let q(d) = -d - 5. Let p be q(4). Let c be (p - (-3 - -2))*-2. What is the highest common factor of k and c?
8
Let a be ((-64)/(-40))/(1/25). Calculate the highest common factor of 50 and a.
10
Let m(o) = 2*o**2 + 4*o - 4. Let h be m(-4). Suppose 90 = 5*i - 210. Calculate the greatest common factor of h and i.
12
Suppose -9 - 7 = -4*i. Suppose -3*k + 39 = -3*f, k - 2*f + i*f - 19 = 0. Suppose -2*b = -61 - k. What is the greatest common divisor of 95 and b?
19
Let c = 32 + -15. Calculate the highest common factor of c and 102.
17
Let c(m) = -2*m + 10*m**2 + 21*m**2 + 3*m. Let q be c(-1). What is the greatest common divisor of 6 and q?
6
Suppose i = -2*i - 36. Let w = -8 - i. Suppose -4*j = -2*a - 274, -j + w*j = -3*a + 219. What is the greatest common divisor of j and 28?
14
Let q = -73 - -94. Calculate the greatest common divisor of q and 84.
21
Suppose u - 6*j = -3*j + 3, 2*j - 2 = 0. Suppose -5*r - u = -31. Calculate the highest common divisor of 30 and r.
5
Suppose -70 = -0*h - h - 2*x, 2*h = -2*x + 146. What is the greatest common divisor of 38 and h?
38
Let p(a) = a**2 + 2*a + 32. Let f be p(12). Calculate the greatest common divisor of 40 and f.
40
Let n(i) = 8*i - 17. Let r be n(5). What is the highest common divisor of 23 and r?
23
Let c(t) = t**3 - 3*t**2 + 2. Let f(v) = 3*v - 3. Let m be f(2). Let j be c(m). Let k be (-8)/10*5*-1. Calculate the greatest common factor of k and j.
2
Let t(d) = -d**3 + 6*d**2 - d - 3. Let f be t(3). Calculate the greatest common divisor of f and 14.
7
Let m(x) = x**2 + 4*x + 3. Let c be m(-3). Let q be c/(1 - 0) - -7. Let v be 36/21 - (-2)/q. What is the highest common factor of 1 and v?
1
Let c = 5 - 2. Let x = 8 - c. What is the greatest common divisor of 25 and x?
5
Suppose 4*g + 37 - 65 = 0. Let f(p) = 3*p**2 - 4*p + 3. Let y(u) = -u**2 + 5*u. Let q be y(4). Let x be f(q). What is the greatest common divisor of g and x?
7
Let f = -23 + 27. What is the greatest common factor of f and 8?
4
Suppose 0 = u + 4*o, -5*u = -o + 2*o - 19. What is the greatest common factor of 4 and u?
4
Let u(a) = a**3 - 2*a**2 + 2*a - 1. Suppose 0 = -5*x + 14 - 4. Let c be u(x). Suppose -3*l + 3 = -c. Calculate the highest common factor of l and 16.
2
Let y be 132/28 - (-8)/28. Let u = y + 23. Suppose -2*n + 2 = 0, 5*m - 43 = -5*n - 18. Calculate the greatest common divisor of u and m.
4
Let m(d) = 60*d**2 + d + 1. Let n be m(-1). Suppose b = 6*b - 20. Let s be b/(-18) + 548/36. Calculate the greatest common factor of s and n.
15
Suppose -3*j + 2*j = -18. Calculate the greatest common factor of j and 162.
18
Let z(c) = -c + 15. Let m be z(13). Suppose 3*l + 324 = m*f, f + l - 206 = -44. What is the greatest common factor of 18 and f?
18
Let w = 6 - -22. Calculate the greatest common factor of 14 and w.
14
Let h(m) = m**2 - 7*m + 7. Let l be h(5). Let k be (-48)/(6/4 + l). Let s = -20 + k. Calculate the greatest common divisor of 48 and s.
12
Let b(d) = d**3 + d**2 - 3*d - 1. Suppose -4*i = 2*z + 26, -4*z + i - 7 = -0. Let t be b(z). Let q = t + 23. Calculate the highest common factor of q and 26.
13
Suppose -4*o + 5*l - 7 = 0, -o - 4*l = -6*o - 2. Suppose -o*i = i - 135. Calculate the greatest common divisor of 15 and i.
15
Suppose 4*o + 34 = 2*a, -5*o - 2 = -3*o + 2*a. Let r = -3 - o. Suppose 4*n - r*n - 16 = 0. Calculate the highest common divisor of n and 40.
8
Suppose s + 4 = -2*j + 6*s, 5*s = -j - 2. Let t(u) = -6*u**3 - u**2. Let c be t(j). Calculate the greatest common divisor of 4 and c.
4
Let g = 7 + -5. Suppose -g*k - k - 24 = 0. Let h be 6/k - (-204)/16. Calculate the highest common factor of h and 96.
12
Let l = -45 - -53. What is the greatest common divisor of 136 and l?
8
Let p(h) = 24*h**2 - h + 2. Let k be p(-2). Calculate the highest common factor of 40 and k.
20
Suppose 20 = 2*u - 4*a, u - 15 = -2*u + a. Suppose -31 = u*c - 127. Calculate the highest common factor of 16 and c.
8
Suppose 5*b + 4*d - 40 = b, -2*b + 23 = -d. Let g = 26 - b. Calculate the greatest common factor of g and 165.
15
Suppose 0 = -3*c - 36. Let t be 12/(-10)*1400/c. Calculate the highest common factor of t and 28.
28
Let g(a) = -a + 5. Let q(c) = -c + 1. Let p(y) = 2*g(y) - 6*q(y). Let j be ((-2)/(-2))/(1/9). Let h be p(j). Calculate the greatest common divisor of 10 and h.
10
Suppose 4*i = -2*l + 20, -4*i - 88 + 10 = -5*l. Let r be 5*(-1 - l/(-10)). What is the greatest common divisor of 2 and r?
2
Suppose -2*a + 9 = -5*a. Let h be (-53)/a + 5/15. Calculate the highest common divisor of h and 45.
9
Let q be 8/10 - 76/(-5). Calculate the highest common divisor of q and 144.
16
Let v = -125 - -429. Suppose 5*l - v = -4*n, -l - n - 179 = -4*l. Suppose 4 = -2*i, -2*i - 7 = -3*h + l. Calculate the highest common divisor of h and 63.
21
Suppose 3*p - 96 - 33 = -3*c, -5*c - 3*p + 225 = 0. Calculate the highest common factor of c and 3.
3
Suppose n - 4*n + 5*j + 321 = 0, j = -3. What is the greatest common divisor of n and 68?
34
Suppose -5*k - 30 = -5*h - 3*k, 3*h = 4*k + 18. Calculate the highest common factor of 24 and h.
6
Let j(o) = -o + 2. Let s be j(-6). Suppose -s = -5*m + 92. Let c = -119 - -169. Calculate the highest common factor of c and m.
10
Suppose 4*n = 2*s, n = -s - 4*n. Suppose s = -m - 0*m + 7. Let d be 7*(0 - -7 - 2). Calculate the greatest common divisor of m and d.
7
Let t = 65 - 33. Let l(z) = -z**3 + 7*z**2 + z - 4. Suppose -8 + 0 = -2*a. Let u be l(a). What is the greatest common divisor of u and t?
16
Let a(t) = t**2 - 5*t + 9. Let o be a(8). What is the highest common factor of o and 22?
11
Suppose -4*z + 5*z = 16. What is the highest common divisor of 2 and z?
2
Suppose 9*d - 12*d = -837. Calculate the greatest common divisor of 31 and d.
31
Let q be (10/3)/(9/27). Calculate the greatest common divisor of 50 and q.
10
Let w(b) = -47*b**3. Let m be w(1). Let n = 69 + m. What is the greatest common divisor of n and 55?
11
Let o = 33 - 21. What is the highest common divisor of 60 and o?
12
Let k(q) be the first derivative of -3*q**4/4 - 2*q**3/3 + q - 5. Let t be k(-1). What is the greatest common factor of 3 and t?
1
Let g = 216 - 76. What is the greatest common divisor of g and 35?
35
Let v(u) = u**3 + 2*u**2 - u + 4. Let f be v(-3). Let r = f - -1. Let n be (r*11 + -1)*-1. Calculate the greatest common divisor of n and 30.
6
Let l be 9 + -3 + 0 + 2. Calculate the highest common divisor of l and 8.
8
Let m(z) = 2*z**3 - 8*z**2 - 3*z - 11. Let u be m(6). Calculate the greatest common factor of u and 46.
23
Suppose 2*o = -3*n - 2*o - 10, -2*n + 2*o + 12 = 0. Let z(b) = b**3 - 5*b - 6. Let u be z(3). What is the highest common factor of u and n?
2
Suppose 10 = 4*r - 6. Let i(l) = -16*l + 4. Let w be i(r). Let m = w + 114. Calculate the greatest common divisor of m and 6.
6
Suppose q + 5*s = 6*q - 120, 3*s + 12 = 0. Suppose 0 = n - 293 + 73. What is the highest common divisor of q and n?
20
Suppose 2*s + 2*a = 152, 3*s - 2*a = a + 252. Let l(j) be the first derivative of -4*j**2 - 2. Let w be l(-4). Calculate the highest common factor of s and w.
16
Suppose -81 = -a - 1. What is the highest common divisor of a and 16?
16
Suppose -s + w + 425 = 4*s, 4*w = 5*s - 425. Let f(i) = i - 2 - 5*i - 2 + i**2. Let p be f(7). What is the greatest common factor of p and s?
17
Let s = 18 + -20. Let o = 68 - 98. Let h be (o/4)/(1/s). What is the highest common divisor of 5 and h?
5
Let o(f) = f + 17. Let q be o(-7). What is the greatest common divisor of q and 5?
5
Let q be 10*1/10*8. What is the greatest common factor of q and 8?
8
Let y(v) = v**3 - 6*v**2 + v - 1. Let g be 4/(-26) - 160/(-26). Let a be y(g). What is the highest common factor of a and 5?
5
Suppose -q - 161 + 597 = 5*i, 5*q - 4